he remainder when 969 is divided by 414?
141
What is the remainder when 49821 is divided by 88?
13
Calculate the remainder when 20217 is divided by 132.
21
What is the remainder when 2160 is divided by 2116?
44
Calculate the remainder when 46772 is divided by 15584.
20
What is the remainder when 808 is divided by 311?
186
Calculate the remainder when 4346 is divided by 481.
17
Calculate the remainder when 70631 is divided by 851.
849
Calculate the remainder when 251601 is divided by 35942.
7
What is the remainder when 1415231 is divided by 59?
57
What is the remainder when 748357 is divided by 176?
5
What is the remainder when 30971 is divided by 1720?
11
What is the remainder when 5562 is divided by 1072?
202
What is the remainder when 2030217 is divided by 1405?
1397
What is the remainder when 6116 is divided by 2504?
1108
Calculate the remainder when 2284354 is divided by 17.
13
What is the remainder when 649854 is divided by 218?
214
What is the remainder when 903 is divided by 91?
84
What is the remainder when 8793 is divided by 165?
48
What is the remainder when 70187 is divided by 5399?
0
What is the remainder when 6431 is divided by 165?
161
What is the remainder when 1355 is divided by 14?
11
Calculate the remainder when 23080 is divided by 17.
11
What is the remainder when 8254141 is divided by 26?
25
Calculate the remainder when 114406 is divided by 677.
670
What is the remainder when 4922 is divided by 273?
8
What is the remainder when 24048 is divided by 23973?
75
Calculate the remainder when 26553 is divided by 38.
29
Calculate the remainder when 24637 is divided by 1759.
11
What is the remainder when 5771 is divided by 5770?
1
Calculate the remainder when 5374 is divided by 1274.
278
Calculate the remainder when 212159 is divided by 70700.
59
What is the remainder when 2502829 is divided by 278?
273
What is the remainder when 434223 is divided by 372?
99
Calculate the remainder when 615779 is divided by 20.
19
Calculate the remainder when 13792 is divided by 256.
224
Calculate the remainder when 316 is divided by 22.
8
What is the remainder when 409 is divided by 39?
19
What is the remainder when 4287 is divided by 61?
17
Calculate the remainder when 8324 is divided by 286.
30
What is the remainder when 14699 is divided by 7168?
363
Calculate the remainder when 1253 is divided by 46.
11
Calculate the remainder when 8249 is divided by 26.
7
What is the remainder when 39574 is divided by 289?
270
What is the remainder when 56490 is divided by 105?
0
Calculate the remainder when 41 is divided by 36.
5
Calculate the remainder when 303392 is divided by 524.
520
Calculate the remainder when 57894 is divided by 19223.
225
Calculate the remainder when 223 is divided by 105.
13
Calculate the remainder when 167326 is divided by 1059.
4
What is the remainder when 2332 is divided by 299?
239
Calculate the remainder when 382973 is divided by 187.
184
Calculate the remainder when 8377277 is divided by 940.
937
What is the remainder when 7358 is divided by 1050?
8
Calculate the remainder when 19742 is divided by 31.
26
What is the remainder when 868481 is divided by 66?
53
What is the remainder when 1872 is divided by 35?
17
Calculate the remainder when 4610 is divided by 423.
380
Calculate the remainder when 50371 is divided by 1399.
7
What is the remainder when 188879 is divided by 15?
14
Calculate the remainder when 8206 is divided by 455.
16
Calculate the remainder when 129993 is divided by 3714.
3
Calculate the remainder when 280151 is divided by 18.
17
What is the remainder when 76919 is divided by 27?
23
Calculate the remainder when 5666 is divided by 1882.
20
What is the remainder when 2281225 is divided by 29?
27
What is the remainder when 24324 is divided by 175?
174
What is the remainder when 443585 is divided by 63?
2
What is the remainder when 153804 is divided by 869?
860
Calculate the remainder when 1941 is divided by 637.
30
What is the remainder when 90837 is divided by 264?
21
Calculate the remainder when 122357 is divided by 2399.
8
What is the remainder when 21063 is divided by 841?
38
Calculate the remainder when 4467 is divided by 1486.
9
Calculate the remainder when 4711 is divided by 430.
411
Calculate the remainder when 4635 is divided by 6.
3
What is the remainder when 128293 is divided by 438?
397
What is the remainder when 264550 is divided by 37792?
6
What is the remainder when 3035 is divided by 383?
354
What is the remainder when 183115 is divided by 36621?
10
What is the remainder when 53092 is divided by 17697?
1
What is the remainder when 6179 is divided by 154?
19
What is the remainder when 18255 is divided by 9084?
87
Calculate the remainder when 16685 is divided by 8337.
11
What is the remainder when 45486 is divided by 68?
62
What is the remainder when 73079 is divided by 261?
260
Calculate the remainder when 55805 is divided by 2164.
1705
What is the remainder when 2880 is divided by 1410?
60
Calculate the remainder when 1952829 is divided by 112.
109
Calculate the remainder when 19548 is divided by 26.
22
What is the remainder when 6895 is divided by 689?
5
What is the remainder when 85888 is divided by 42938?
12
Calculate the remainder when 258564 is divided by 209.
31
Calculate the remainder when 64443 is divided by 13.
2
What is the remainder when 659 is divided by 312?
35
Calculate the remainder when 18082 is divided by 1506.
10
Calculate the remainder when 716 is divided by 408.
308
Calculate the remainder when 84164 is divided by 2629.
36
What is the remainder when 47677 is divided by 95?
82
Calculate the remainder when 2287 is divided by 116.
83
Calculate the remainder when 22074 is divided by 2183.
244
What is the remainder when 22056 is divided by 57?
54
Calculate the remainder when 404091 is divided by 451.
446
What is the remainder when 5862 is divided by 255?
252
What is the remainder when 143219 is divided by 77?
76
Calculate the remainder when 12708 is divided by 4207.
87
Calculate the remainder when 19195 is divided by 6059.
1018
What is the remainder when 5319 is divided by 558?
297
Calculate the remainder when 57922 is divided by 2518.
8
What is the remainder when 78278 is divided by 515?
513
What is the remainder when 11485 is divided by 37?
15
What is the remainder when 38911 is divided by 9720?
31
What is the remainder when 31676 is divided by 6298?
186
What is the remainder when 35897 is divided by 465?
92
Calculate the remainder when 5193 is divided by 323.
25
What is the remainder when 308 is divided by 168?
140
What is the remainder when 2601 is divided by 1073?
455
What is the remainder when 1223792 is divided by 1714?
1710
Calculate the remainder when 4326 is divided by 98.
14
Calculate the remainder when 3602 is divided by 188.
30
What is the remainder when 23245 is divided by 2455?
1150
What is the remainder when 44190 is divided by 38?
34
Calculate the remainder when 2249 is divided by 684.
197
What is the remainder when 1765 is divided by 546?
127
Calculate the remainder when 62230 is divided by 20740.
10
What is the remainder when 272616 is divided by 68153?
4
What is the remainder when 2008 is divided by 559?
331
Calculate the remainder when 148766 is divided by 17.
16
What is the remainder when 82752 is divided by 152?
64
What is the remainder when 3257 is divided by 1904?
1353
What is the remainder when 17318 is divided by 254?
46
Calculate the remainder when 518219 is divided by 298.
295
Calculate the remainder when 66635 is divided by 66628.
7
Calculate the remainder when 82752 is divided by 39.
33
What is the remainder when 23455 is divided by 92?
87
Calculate the remainder when 8657 is divided by 411.
26
What is the remainder when 203147 is divided by 76?
75
Calculate the remainder when 9305 is divided by 4642.
21
What is the remainder when 70 is divided by 22?
4
Calculate the remainder when 17294 is divided by 194.
28
Calculate the remainder when 20264 is divided by 172.
140
Calculate the remainder when 2662436 is divided by 44.
40
What is the remainder when 41888 is divided by 257?
254
What is the remainder when 13294 is divided by 886?
4
What is the remainder when 226726 is divided by 12?
10
What is the remainder when 21237 is divided by 6?
3
Calculate the re